by 30?
27
Calculate the remainder when 1859 is divided by 19.
16
Calculate the remainder when 1402 is divided by 279.
7
What is the remainder when 12660 is divided by 418?
120
Calculate the remainder when 378773 is divided by 97.
85
What is the remainder when 77453 is divided by 35?
33
Calculate the remainder when 1321 is divided by 269.
245
What is the remainder when 648 is divided by 68?
36
What is the remainder when 41563 is divided by 320?
283
What is the remainder when 100798 is divided by 144?
142
Calculate the remainder when 117984 is divided by 9072.
48
Calculate the remainder when 93960 is divided by 11744.
8
What is the remainder when 49336 is divided by 287?
259
What is the remainder when 19873 is divided by 794?
23
What is the remainder when 83916 is divided by 235?
21
What is the remainder when 638 is divided by 385?
253
Calculate the remainder when 1154022 is divided by 69.
66
Calculate the remainder when 1720 is divided by 860.
0
Calculate the remainder when 10837 is divided by 878.
301
What is the remainder when 101176 is divided by 138?
22
Calculate the remainder when 4181 is divided by 687.
59
What is the remainder when 1554 is divided by 119?
7
Calculate the remainder when 10892 is divided by 274.
206
Calculate the remainder when 16501 is divided by 280.
261
Calculate the remainder when 13181 is divided by 12938.
243
What is the remainder when 372466 is divided by 10?
6
What is the remainder when 3397 is divided by 1690?
17
Calculate the remainder when 17936 is divided by 15.
11
Calculate the remainder when 1224379 is divided by 39.
13
What is the remainder when 7314 is divided by 319?
296
Calculate the remainder when 13345 is divided by 21.
10
Calculate the remainder when 164356 is divided by 82165.
26
Calculate the remainder when 14203 is divided by 37.
32
What is the remainder when 52210 is divided by 316?
70
Calculate the remainder when 4155 is divided by 773.
290
Calculate the remainder when 2377343 is divided by 59.
56
Calculate the remainder when 804298 is divided by 84.
82
What is the remainder when 2639 is divided by 420?
119
Calculate the remainder when 33201 is divided by 169.
77
Calculate the remainder when 831826 is divided by 206.
204
What is the remainder when 14632 is divided by 174?
16
What is the remainder when 184 is divided by 43?
12
What is the remainder when 374 is divided by 118?
20
What is the remainder when 10381 is divided by 66?
19
What is the remainder when 4956 is divided by 99?
6
What is the remainder when 33154 is divided by 16528?
98
What is the remainder when 245071 is divided by 122529?
13
Calculate the remainder when 799546 is divided by 2246.
2216
Calculate the remainder when 911604 is divided by 277.
274
What is the remainder when 130358 is divided by 97?
87
Calculate the remainder when 70657 is divided by 37.
24
What is the remainder when 313990 is divided by 356?
354
Calculate the remainder when 1601726 is divided by 13.
9
What is the remainder when 36871 is divided by 2830?
81
What is the remainder when 13855 is divided by 103?
53
What is the remainder when 3977 is divided by 64?
9
What is the remainder when 22915 is divided by 899?
440
What is the remainder when 15897 is divided by 221?
206
What is the remainder when 241062 is divided by 469?
465
What is the remainder when 57389 is divided by 312?
293
Calculate the remainder when 1032235 is divided by 16.
11
Calculate the remainder when 9193 is divided by 343.
275
Calculate the remainder when 5646 is divided by 14.
4
Calculate the remainder when 52145 is divided by 8.
1
Calculate the remainder when 277351 is divided by 77.
74
What is the remainder when 349 is divided by 338?
11
What is the remainder when 651870 is divided by 325930?
10
Calculate the remainder when 1764 is divided by 105.
84
Calculate the remainder when 65959 is divided by 118.
115
Calculate the remainder when 6428 is divided by 692.
200
What is the remainder when 3668573 is divided by 1222855?
8
What is the remainder when 1891 is divided by 539?
274
Calculate the remainder when 12204 is divided by 3049.
8
What is the remainder when 19104 is divided by 303?
15
What is the remainder when 978535 is divided by 75?
10
Calculate the remainder when 53545 is divided by 525.
520
Calculate the remainder when 11129 is divided by 430.
379
What is the remainder when 315682 is divided by 12?
10
Calculate the remainder when 119241 is divided by 23.
9
What is the remainder when 85361 is divided by 64?
49
Calculate the remainder when 249533 is divided by 54.
53
What is the remainder when 163166 is divided by 54379?
29
Calculate the remainder when 21086 is divided by 11.
10
What is the remainder when 3897 is divided by 1245?
162
What is the remainder when 7741 is divided by 204?
193
Calculate the remainder when 50956 is divided by 7278.
10
What is the remainder when 32901 is divided by 84?
57
Calculate the remainder when 1483 is divided by 26.
1
Calculate the remainder when 24210 is divided by 65.
30
What is the remainder when 384612 is divided by 78?
72
What is the remainder when 307864 is divided by 262?
14
Calculate the remainder when 18493 is divided by 6070.
283
Calculate the remainder when 34578 is divided by 1048.
1042
Calculate the remainder when 143961 is divided by 129.
126
What is the remainder when 9544 is divided by 1028?
292
What is the remainder when 15416 is divided by 26?
24
Calculate the remainder when 48896 is divided by 300.
296
Calculate the remainder when 74238 is divided by 276.
270
Calculate the remainder when 63564 is divided by 74.
72
What is the remainder when 38912 is divided by 1555?
37
What is the remainder when 1215 is divided by 105?
60
Calculate the remainder when 11579 is divided by 5769.
41
What is the remainder when 53102 is divided by 187?
181
What is the remainder when 81653 is divided by 260?
13
Calculate the remainder when 4114 is divided by 2029.
56
What is the remainder when 280066 is divided by 93347?
25
Calculate the remainder when 107126 is divided by 185.
11
Calculate the remainder when 233397 is divided by 6141.
39
Calculate the remainder when 26065 is divided by 2860.
325
Calculate the remainder when 321 is divided by 69.
45
What is the remainder when 5500 is divided by 4?
0
Calculate the remainder when 27898 is divided by 1466.
44
Calculate the remainder when 12101 is divided by 63.
5
Calculate the remainder when 1786881 is divided by 44.
41
What is the remainder when 81208 is divided by 13?
10
What is the remainder when 20063 is divided by 47?
41
What is the remainder when 1695 is divided by 108?
75
Calculate the remainder when 1453 is divided by 722.
9
Calculate the remainder when 2850 is divided by 45.
15
What is the remainder when 3300 is divided by 29?
23
What is the remainder when 36106 is divided by 3608?
26
What is the remainder when 71057 is divided by 55?
52
Calculate the remainder when 28608 is divided by 1142.
58
Calculate the remainder when 15156 is divided by 20.
16
Calculate the remainder when 389050 is divided by 35367.
13
What is the remainder when 16574 is divided by 7657?
1260
Calculate the remainder when 5859 is divided by 1523.
1290
What is the remainder when 14696 is divided by 591?
512
What is the remainder when 2673 is divided by 377?
34
Calculate the remainder when 6441 is divided by 1587.
93
Calculate the remainder when 9385 is divided by 11.
2
What is the remainder when 137161 is divided by 17145?
1
What is the remainder when 779902 is divided by 221?
214
What is the remainder when 1733 is divided by 215?
13
Calculate the remainder when 1062 is divided by 213.
210
Calculate the remainder when 6305 is divided by 455.
390
Calculate the remainder when 963 is divided by 195.
183
What is the remainder when 7345 is divided by 362?
105
What is the remainder when 6 is divided by 2?
0
Calculate the remainder when 2931 is divided by 173.
163
What is the remainder when 17408 is divided by 969?
935
What is the remainder when 2683532 is divided by 139?
137
What is the remainder when 41867 is divided by 12?
11
Calculate the remainder when 11409 is divided by 1425.
9
What is the remainder when 9092 is divided by 1135?
12
What is the remainder when 32681 is divided by 1483?
55
Calculate the remainder when 6697 is divided 